{"id":3,"date":"2023-02-19T23:35:20","date_gmt":"2023-02-19T22:35:20","guid":{"rendered":"https:\/\/univers-pillow.com\/?page_id=3"},"modified":"2023-03-24T12:14:13","modified_gmt":"2023-03-24T11:14:13","slug":"politique-de-confidentialite","status":"publish","type":"page","link":"https:\/\/univers-pillow.com\/index.php\/politique-de-confidentialite\/","title":{"rendered":"Politique de remboursement et de retour pour Univers Pillow"},"content":{"rendered":"\n<h2>Notre engagement envers votre satisfaction<\/h2>\n\n\n\n<p><strong class=\"privacy-policy-tutorial\">Chez Univers Pillow, nous sommes d\u00e9termin\u00e9s \u00e0 fournir des produits de qualit\u00e9 et \u00e0 garantir votre satisfaction. Si vous n&#8217;\u00eates pas enti\u00e8rement satisfait de votre achat, nous avons une politique de remboursement et de retour pour vous aider \u00e0 r\u00e9soudre le probl\u00e8me.<\/strong><\/p>\n\n\n\n<h2>Remboursements<\/h2>\n\n\n\n<p>Nous offrons un remboursement complet pour tout produit que vous retournez dans les 30 jours suivant la date d&#8217;achat. Le produit doit \u00eatre dans son \u00e9tat d&#8217;origine et ne doit pas avoir \u00e9t\u00e9 utilis\u00e9. Nous rembourserons le montant total de l&#8217;achat, y compris les frais de livraison.<\/p>\n\n\n\n<p><\/p>\n\n\n\n<h2>Retours<\/h2>\n\n\n\n<p><strong class=\"privacy-policy-tutorial\">Si vous souhaitez retourner un produit, nous sommes heureux de vous aider. Tout produit peut \u00eatre retourn\u00e9 dans les 30 jours suivant la date d&#8217;achat. Le produit doit \u00eatre dans son \u00e9tat d&#8217;origine et ne doit pas avoir \u00e9t\u00e9 utilis\u00e9. Les frais de livraison de retour sont \u00e0 la charge du client, sauf si le produit est d\u00e9fectueux ou s&#8217;il y a une erreur de notre part.<\/strong><\/p>\n\n\n\n<p>Si vous recevez un produit d\u00e9fectueux ou endommag\u00e9, veuillez nous contacter imm\u00e9diatement. Nous vous enverrons un produit de remplacement ou organiserons un remboursement complet, selon votre pr\u00e9f\u00e9rence.<\/p>\n\n\n\n<h2>Syst\u00e8me de paiement \u00e0 la livraison :<\/h2>\n\n\n\n<p><strong class=\"privacy-policy-tutorial\">Nous offrons un syst\u00e8me de paiement \u00e0 la livraison pour votre commodit\u00e9. Si vous choisissez ce mode de paiement, vous pouvez effectuer le paiement en esp\u00e8ces lors de la livraison. Si vous n&#8217;\u00eates pas satisfait de votre achat, vous pouvez suivre notre politique de remboursement et de retour pour r\u00e9soudre le probl\u00e8me.<\/strong><\/p>\n\n\n\n<h2>Cookies :<\/h2>\n\n\n\n<p>Lorsque vous vous connecterez, nous mettrons en place un certain nombre de cookies pour enregistrer vos informations de connexion et vos pr\u00e9f\u00e9rences d\u2019\u00e9cran. La dur\u00e9e de vie d\u2019un cookie de connexion est de deux jours, celle d\u2019un cookie d\u2019option d\u2019\u00e9cran est d\u2019un an. Si vous cochez \u00ab&nbsp;Se souvenir de moi&nbsp;\u00bb, votre cookie de connexion sera conserv\u00e9 pendant deux semaines. Si vous vous d\u00e9connectez de votre compte, le cookie de connexion sera effac\u00e9.<\/p>\n\n\n\n<p>En modifiant ou en publiant une publication, un cookie suppl\u00e9mentaire sera enregistr\u00e9 dans votre navigateur. Ce cookie ne comprend aucune donn\u00e9e personnelle. Il indique simplement l\u2019ID de la publication que vous venez de modifier. Il expire au bout d\u2019un jour.<\/p>\n\n\n\n<h2>Contenu embarqu\u00e9 depuis d\u2019autres sites<\/h2>\n\n\n\n<p><strong class=\"privacy-policy-tutorial\">Texte sugg\u00e9r\u00e9&nbsp;: <\/strong>Les articles de ce site peuvent inclure des contenus int\u00e9gr\u00e9s (par exemple des vid\u00e9os, images, articles\u2026). Le contenu int\u00e9gr\u00e9 depuis d\u2019autres sites se comporte de la m\u00eame mani\u00e8re que si le visiteur se rendait sur cet autre site.<\/p>\n\n\n\n<p>Ces sites web pourraient collecter des donn\u00e9es sur vous, utiliser des cookies, embarquer des outils de suivis tiers, suivre vos interactions avec ces contenus embarqu\u00e9s si vous disposez d\u2019un compte connect\u00e9 sur leur site web.<\/p>\n\n\n\n<h2>Utilisation et transmission de vos donn\u00e9es personnelles<\/h2>\n\n\n\n<p><strong class=\"privacy-policy-tutorial\">Texte sugg\u00e9r\u00e9&nbsp;: <\/strong>Si vous demandez une r\u00e9initialisation de votre mot de passe, votre adresse IP sera incluse dans l\u2019e-mail de r\u00e9initialisation.<\/p>\n\n\n\n<h2>Dur\u00e9es de stockage de vos donn\u00e9es<\/h2>\n\n\n\n<p><strong class=\"privacy-policy-tutorial\">Texte sugg\u00e9r\u00e9&nbsp;: <\/strong>Si vous laissez un commentaire, le commentaire et ses m\u00e9tadonn\u00e9es sont conserv\u00e9s ind\u00e9finiment. Cela permet de reconna\u00eetre et approuver automatiquement les commentaires suivants au lieu de les laisser dans la file de mod\u00e9ration.<\/p>\n\n\n\n<p>Pour les comptes qui s\u2019inscrivent sur notre site (le cas \u00e9ch\u00e9ant), nous stockons \u00e9galement les donn\u00e9es personnelles indiqu\u00e9es dans leur profil. Tous les comptes peuvent voir, modifier ou supprimer leurs informations personnelles \u00e0 tout moment (\u00e0 l\u2019exception de leur identifiant). Les gestionnaires du site peuvent aussi voir et modifier ces informations.<\/p>\n\n\n\n<h2>Les droits que vous avez sur vos donn\u00e9es<\/h2>\n\n\n\n<p><strong class=\"privacy-policy-tutorial\">Texte sugg\u00e9r\u00e9&nbsp;: <\/strong>Si vous avez un compte ou si vous avez laiss\u00e9 des commentaires sur le site, vous pouvez demander \u00e0 recevoir un fichier contenant toutes les donn\u00e9es personnelles que nous poss\u00e9dons \u00e0 votre sujet, incluant celles que vous nous avez fournies. Vous pouvez \u00e9galement demander la suppression des donn\u00e9es personnelles vous concernant. Cela ne prend pas en compte les donn\u00e9es stock\u00e9es \u00e0 des fins administratives, l\u00e9gales ou pour des raisons de s\u00e9curit\u00e9.<\/p>\n\n\n\n<h2>O\u00f9 vos donn\u00e9es sont envoy\u00e9es<\/h2>\n\n\n\n<p><strong class=\"privacy-policy-tutorial\">Texte sugg\u00e9r\u00e9\u00a0: <\/strong>Les commentaires des visiteurs peuvent \u00eatre v\u00e9rifi\u00e9s \u00e0 l\u2019aide d\u2019un service automatis\u00e9 de d\u00e9tection des commentaires ind\u00e9sirables<\/p>\n\n\n\n<p><\/p>\n\n\n\n<p class=\"has-text-align-center\">Nous esp\u00e9rons que cette politique de remboursement et de retour vous donne confiance dans votre achat chez Univers Pillow. Si vous avez des questions ou des pr\u00e9occupations, n&#8217;h\u00e9sitez pas \u00e0 nous contacter. Nous sommes l\u00e0 pour vous aider \u00e0 r\u00e9soudre tout probl\u00e8me et \u00e0 garantir votre satisfaction..<\/p>\n","protected":false},"excerpt":{"rendered":"<p>Notre engagement envers votre satisfaction Chez Univers Pillow, nous sommes d\u00e9termin\u00e9s \u00e0 fournir des produits de qualit\u00e9 et \u00e0 garantir<\/p>\n","protected":false},"author":1,"featured_media":0,"parent":0,"menu_order":0,"comment_status":"closed","ping_status":"open","template":"","meta":{"_monsterinsights_skip_tracking":false,"_monsterinsights_sitenote_active":false,"_monsterinsights_sitenote_note":"","_monsterinsights_sitenote_category":0},"yoast_head":"<!-- This site is optimized with the Yoast SEO plugin v20.9 - https:\/\/yoast.com\/wordpress\/plugins\/seo\/ -->\n<title>Politique de remboursement et de retour pour Univers Pillow - Accessoires decoration maison Univers Pillow<\/title>\n<meta name=\"robots\" content=\"index, follow, max-snippet:-1, max-image-preview:large, max-video-preview:-1\" \/>\n<link rel=\"canonical\" href=\"https:\/\/univers-pillow.com\/index.php\/politique-de-confidentialite\/\" \/>\n<meta property=\"og:locale\" content=\"en_US\" \/>\n<meta property=\"og:type\" content=\"article\" \/>\n<meta property=\"og:title\" content=\"Politique de remboursement et de retour pour Univers Pillow - Accessoires decoration maison Univers Pillow\" \/>\n<meta property=\"og:description\" content=\"Notre engagement envers votre satisfaction Chez Univers Pillow, nous sommes d\u00e9termin\u00e9s \u00e0 fournir des produits de qualit\u00e9 et \u00e0 garantir\" \/>\n<meta property=\"og:url\" content=\"https:\/\/univers-pillow.com\/index.php\/politique-de-confidentialite\/\" \/>\n<meta property=\"og:site_name\" content=\"Accessoires decoration maison Univers Pillow\" \/>\n<meta property=\"article:modified_time\" content=\"2023-03-24T11:14:13+00:00\" \/>\n<meta name=\"twitter:card\" content=\"summary_large_image\" \/>\n<meta name=\"twitter:label1\" content=\"Est. reading time\" \/>\n\t<meta name=\"twitter:data1\" content=\"4 minutes\" \/>\n<script type=\"application\/ld+json\" class=\"yoast-schema-graph\">{\"@context\":\"https:\/\/schema.org\",\"@graph\":[{\"@type\":\"WebPage\",\"@id\":\"https:\/\/univers-pillow.com\/index.php\/politique-de-confidentialite\/\",\"url\":\"https:\/\/univers-pillow.com\/index.php\/politique-de-confidentialite\/\",\"name\":\"Politique de remboursement et de retour pour Univers Pillow - Accessoires decoration maison Univers Pillow\",\"isPartOf\":{\"@id\":\"https:\/\/univers-pillow.com\/#website\"},\"datePublished\":\"2023-02-19T22:35:20+00:00\",\"dateModified\":\"2023-03-24T11:14:13+00:00\",\"breadcrumb\":{\"@id\":\"https:\/\/univers-pillow.com\/index.php\/politique-de-confidentialite\/#breadcrumb\"},\"inLanguage\":\"en-US\",\"potentialAction\":[{\"@type\":\"ReadAction\",\"target\":[\"https:\/\/univers-pillow.com\/index.php\/politique-de-confidentialite\/\"]}]},{\"@type\":\"BreadcrumbList\",\"@id\":\"https:\/\/univers-pillow.com\/index.php\/politique-de-confidentialite\/#breadcrumb\",\"itemListElement\":[{\"@type\":\"ListItem\",\"position\":1,\"name\":\"Accueil\",\"item\":\"https:\/\/univers-pillow.com\/\"},{\"@type\":\"ListItem\",\"position\":2,\"name\":\"Politique de remboursement et de retour pour Univers Pillow\"}]},{\"@type\":\"WebSite\",\"@id\":\"https:\/\/univers-pillow.com\/#website\",\"url\":\"https:\/\/univers-pillow.com\/\",\"name\":\"Accessoires decoration maison Univers Pillow\",\"description\":\"\",\"potentialAction\":[{\"@type\":\"SearchAction\",\"target\":{\"@type\":\"EntryPoint\",\"urlTemplate\":\"https:\/\/univers-pillow.com\/?s={search_term_string}\"},\"query-input\":\"required name=search_term_string\"}],\"inLanguage\":\"en-US\"}]}<\/script>\n<!-- \/ Yoast SEO plugin. -->","yoast_head_json":{"title":"Politique de remboursement et de retour pour Univers Pillow - Accessoires decoration maison Univers Pillow","robots":{"index":"index","follow":"follow","max-snippet":"max-snippet:-1","max-image-preview":"max-image-preview:large","max-video-preview":"max-video-preview:-1"},"canonical":"https:\/\/univers-pillow.com\/index.php\/politique-de-confidentialite\/","og_locale":"en_US","og_type":"article","og_title":"Politique de remboursement et de retour pour Univers Pillow - Accessoires decoration maison Univers Pillow","og_description":"Notre engagement envers votre satisfaction Chez Univers Pillow, nous sommes d\u00e9termin\u00e9s \u00e0 fournir des produits de qualit\u00e9 et \u00e0 garantir","og_url":"https:\/\/univers-pillow.com\/index.php\/politique-de-confidentialite\/","og_site_name":"Accessoires decoration maison Univers Pillow","article_modified_time":"2023-03-24T11:14:13+00:00","twitter_card":"summary_large_image","twitter_misc":{"Est. reading time":"4 minutes"},"schema":{"@context":"https:\/\/schema.org","@graph":[{"@type":"WebPage","@id":"https:\/\/univers-pillow.com\/index.php\/politique-de-confidentialite\/","url":"https:\/\/univers-pillow.com\/index.php\/politique-de-confidentialite\/","name":"Politique de remboursement et de retour pour Univers Pillow - Accessoires decoration maison Univers Pillow","isPartOf":{"@id":"https:\/\/univers-pillow.com\/#website"},"datePublished":"2023-02-19T22:35:20+00:00","dateModified":"2023-03-24T11:14:13+00:00","breadcrumb":{"@id":"https:\/\/univers-pillow.com\/index.php\/politique-de-confidentialite\/#breadcrumb"},"inLanguage":"en-US","potentialAction":[{"@type":"ReadAction","target":["https:\/\/univers-pillow.com\/index.php\/politique-de-confidentialite\/"]}]},{"@type":"BreadcrumbList","@id":"https:\/\/univers-pillow.com\/index.php\/politique-de-confidentialite\/#breadcrumb","itemListElement":[{"@type":"ListItem","position":1,"name":"Accueil","item":"https:\/\/univers-pillow.com\/"},{"@type":"ListItem","position":2,"name":"Politique de remboursement et de retour pour Univers Pillow"}]},{"@type":"WebSite","@id":"https:\/\/univers-pillow.com\/#website","url":"https:\/\/univers-pillow.com\/","name":"Accessoires decoration maison Univers Pillow","description":"","potentialAction":[{"@type":"SearchAction","target":{"@type":"EntryPoint","urlTemplate":"https:\/\/univers-pillow.com\/?s={search_term_string}"},"query-input":"required name=search_term_string"}],"inLanguage":"en-US"}]}},"_links":{"self":[{"href":"https:\/\/univers-pillow.com\/index.php\/wp-json\/wp\/v2\/pages\/3"}],"collection":[{"href":"https:\/\/univers-pillow.com\/index.php\/wp-json\/wp\/v2\/pages"}],"about":[{"href":"https:\/\/univers-pillow.com\/index.php\/wp-json\/wp\/v2\/types\/page"}],"author":[{"embeddable":true,"href":"https:\/\/univers-pillow.com\/index.php\/wp-json\/wp\/v2\/users\/1"}],"replies":[{"embeddable":true,"href":"https:\/\/univers-pillow.com\/index.php\/wp-json\/wp\/v2\/comments?post=3"}],"version-history":[{"count":1,"href":"https:\/\/univers-pillow.com\/index.php\/wp-json\/wp\/v2\/pages\/3\/revisions"}],"predecessor-version":[{"id":8984,"href":"https:\/\/univers-pillow.com\/index.php\/wp-json\/wp\/v2\/pages\/3\/revisions\/8984"}],"wp:attachment":[{"href":"https:\/\/univers-pillow.com\/index.php\/wp-json\/wp\/v2\/media?parent=3"}],"curies":[{"name":"wp","href":"https:\/\/api.w.org\/{rel}","templated":true}]}}