{"id":9003,"date":"2023-06-04T00:53:03","date_gmt":"2023-06-03T22:53:03","guid":{"rendered":"https:\/\/univers-pillow.com\/?post_type=product&#038;p=9003"},"modified":"2023-06-04T22:29:25","modified_gmt":"2023-06-04T20:29:25","slug":"boite-a-couture-rose","status":"publish","type":"product","link":"https:\/\/univers-pillow.com\/index.php\/produit\/boite-a-couture-rose\/","title":{"rendered":"Boite a couture rose"},"content":{"rendered":"<p>Organisez vos fournitures de couture avec style gr\u00e2ce \u00e0 notre magnifique bo\u00eete \u00e0 couture rose. Son design \u00e9l\u00e9gant et f\u00e9minin apportera une touche de charme \u00e0 votre espace cr\u00e9atif. Dot\u00e9e de compartiments spacieux et d&#8217;un plateau de rangement amovible, cette bo\u00eete pratique vous permettra de ranger vos bobines de fil, vos aiguilles, vos \u00e9pingles et bien plus encore. Ne laissez plus le d\u00e9sordre entraver votre passion pour la couture, optez pour notre bo\u00eete \u00e0 couture rose et gardez vos outils \u00e0 port\u00e9e de main avec \u00e9l\u00e9gance.<\/p>\n","protected":false},"excerpt":{"rendered":"<div class=\"flex flex-grow flex-col gap-3\">\n<div class=\"min-h-[20px] flex flex-col items-start gap-4 whitespace-pre-wrap break-words\">\n<div class=\"markdown prose w-full break-words dark:prose-invert light\">\n<p>Bo\u00eete \u00e0 couture rose pratique et \u00e9l\u00e9gante pour ranger vos fournitures de couture avec style.<\/p>\n<\/div>\n<\/div>\n<\/div>\n","protected":false},"featured_media":9393,"comment_status":"open","ping_status":"closed","template":"","meta":{"_monsterinsights_skip_tracking":false,"_monsterinsights_sitenote_active":false,"_monsterinsights_sitenote_note":"","_monsterinsights_sitenote_category":0},"product_cat":[86,87],"product_tag":[],"yoast_head":"<!-- This site is optimized with the Yoast SEO plugin v20.9 - https:\/\/yoast.com\/wordpress\/plugins\/seo\/ -->\n<title>Boite a couture rose - Accessoires decoration maison Univers Pillow<\/title>\n<meta name=\"description\" content=\"organisation \u00e9l\u00e9gante, rangement de fournitures de couture, bo\u00eete \u00e0 couture pratique, accessoires de couture bien organis\u00e9s, design rose charmant, espace de couture fonctionnel\" \/>\n<meta name=\"robots\" content=\"index, follow, max-snippet:-1, max-image-preview:large, max-video-preview:-1\" \/>\n<link rel=\"canonical\" href=\"https:\/\/univers-pillow.com\/index.php\/produit\/boite-a-couture-rose\/\" \/>\n<meta property=\"og:locale\" content=\"en_US\" \/>\n<meta property=\"og:type\" content=\"article\" \/>\n<meta property=\"og:title\" content=\"Boite a couture rose - Accessoires decoration maison Univers Pillow\" \/>\n<meta property=\"og:description\" content=\"organisation \u00e9l\u00e9gante, rangement de fournitures de couture, bo\u00eete \u00e0 couture pratique, accessoires de couture bien organis\u00e9s, design rose charmant, espace de couture fonctionnel\" \/>\n<meta property=\"og:url\" content=\"https:\/\/univers-pillow.com\/index.php\/produit\/boite-a-couture-rose\/\" \/>\n<meta property=\"og:site_name\" content=\"Accessoires decoration maison Univers Pillow\" \/>\n<meta property=\"article:modified_time\" content=\"2023-06-04T20:29:25+00:00\" \/>\n<meta property=\"og:image\" content=\"https:\/\/univers-pillow.com\/wp-content\/uploads\/2023\/05\/Untitled-9.jpg\" \/>\n\t<meta property=\"og:image:width\" content=\"2000\" \/>\n\t<meta property=\"og:image:height\" content=\"2000\" \/>\n\t<meta property=\"og:image:type\" content=\"image\/jpeg\" \/>\n<meta name=\"twitter:card\" content=\"summary_large_image\" \/>\n<meta name=\"twitter:label1\" content=\"Est. reading time\" \/>\n\t<meta name=\"twitter:data1\" content=\"1 minute\" \/>\n<script type=\"application\/ld+json\" class=\"yoast-schema-graph\">{\"@context\":\"https:\/\/schema.org\",\"@graph\":[{\"@type\":\"WebPage\",\"@id\":\"https:\/\/univers-pillow.com\/index.php\/produit\/boite-a-couture-rose\/\",\"url\":\"https:\/\/univers-pillow.com\/index.php\/produit\/boite-a-couture-rose\/\",\"name\":\"Boite a couture rose - Accessoires decoration maison Univers Pillow\",\"isPartOf\":{\"@id\":\"https:\/\/univers-pillow.com\/#website\"},\"datePublished\":\"2023-06-03T22:53:03+00:00\",\"dateModified\":\"2023-06-04T20:29:25+00:00\",\"description\":\"organisation \u00e9l\u00e9gante, rangement de fournitures de couture, bo\u00eete \u00e0 couture pratique, accessoires de couture bien organis\u00e9s, design rose charmant, espace de couture fonctionnel\",\"breadcrumb\":{\"@id\":\"https:\/\/univers-pillow.com\/index.php\/produit\/boite-a-couture-rose\/#breadcrumb\"},\"inLanguage\":\"en-US\",\"potentialAction\":[{\"@type\":\"ReadAction\",\"target\":[\"https:\/\/univers-pillow.com\/index.php\/produit\/boite-a-couture-rose\/\"]}]},{\"@type\":\"BreadcrumbList\",\"@id\":\"https:\/\/univers-pillow.com\/index.php\/produit\/boite-a-couture-rose\/#breadcrumb\",\"itemListElement\":[{\"@type\":\"ListItem\",\"position\":1,\"name\":\"Accueil\",\"item\":\"https:\/\/univers-pillow.com\/\"},{\"@type\":\"ListItem\",\"position\":2,\"name\":\"Boutique\",\"item\":\"https:\/\/univers-pillow.com\/index.php\/boutique\/\"},{\"@type\":\"ListItem\",\"position\":3,\"name\":\"Boite a couture rose\"}]},{\"@type\":\"WebSite\",\"@id\":\"https:\/\/univers-pillow.com\/#website\",\"url\":\"https:\/\/univers-pillow.com\/\",\"name\":\"Accessoires decoration maison Univers Pillow\",\"description\":\"\",\"potentialAction\":[{\"@type\":\"SearchAction\",\"target\":{\"@type\":\"EntryPoint\",\"urlTemplate\":\"https:\/\/univers-pillow.com\/?s={search_term_string}\"},\"query-input\":\"required name=search_term_string\"}],\"inLanguage\":\"en-US\"}]}<\/script>\n<!-- \/ Yoast SEO plugin. -->","yoast_head_json":{"title":"Boite a couture rose - Accessoires decoration maison Univers Pillow","description":"organisation \u00e9l\u00e9gante, rangement de fournitures de couture, bo\u00eete \u00e0 couture pratique, accessoires de couture bien organis\u00e9s, design rose charmant, espace de couture fonctionnel","robots":{"index":"index","follow":"follow","max-snippet":"max-snippet:-1","max-image-preview":"max-image-preview:large","max-video-preview":"max-video-preview:-1"},"canonical":"https:\/\/univers-pillow.com\/index.php\/produit\/boite-a-couture-rose\/","og_locale":"en_US","og_type":"article","og_title":"Boite a couture rose - Accessoires decoration maison Univers Pillow","og_description":"organisation \u00e9l\u00e9gante, rangement de fournitures de couture, bo\u00eete \u00e0 couture pratique, accessoires de couture bien organis\u00e9s, design rose charmant, espace de couture fonctionnel","og_url":"https:\/\/univers-pillow.com\/index.php\/produit\/boite-a-couture-rose\/","og_site_name":"Accessoires decoration maison Univers Pillow","article_modified_time":"2023-06-04T20:29:25+00:00","og_image":[{"width":2000,"height":2000,"url":"https:\/\/univers-pillow.com\/wp-content\/uploads\/2023\/05\/Untitled-9.jpg","type":"image\/jpeg"}],"twitter_card":"summary_large_image","twitter_misc":{"Est. reading time":"1 minute"},"schema":{"@context":"https:\/\/schema.org","@graph":[{"@type":"WebPage","@id":"https:\/\/univers-pillow.com\/index.php\/produit\/boite-a-couture-rose\/","url":"https:\/\/univers-pillow.com\/index.php\/produit\/boite-a-couture-rose\/","name":"Boite a couture rose - Accessoires decoration maison Univers Pillow","isPartOf":{"@id":"https:\/\/univers-pillow.com\/#website"},"datePublished":"2023-06-03T22:53:03+00:00","dateModified":"2023-06-04T20:29:25+00:00","description":"organisation \u00e9l\u00e9gante, rangement de fournitures de couture, bo\u00eete \u00e0 couture pratique, accessoires de couture bien organis\u00e9s, design rose charmant, espace de couture fonctionnel","breadcrumb":{"@id":"https:\/\/univers-pillow.com\/index.php\/produit\/boite-a-couture-rose\/#breadcrumb"},"inLanguage":"en-US","potentialAction":[{"@type":"ReadAction","target":["https:\/\/univers-pillow.com\/index.php\/produit\/boite-a-couture-rose\/"]}]},{"@type":"BreadcrumbList","@id":"https:\/\/univers-pillow.com\/index.php\/produit\/boite-a-couture-rose\/#breadcrumb","itemListElement":[{"@type":"ListItem","position":1,"name":"Accueil","item":"https:\/\/univers-pillow.com\/"},{"@type":"ListItem","position":2,"name":"Boutique","item":"https:\/\/univers-pillow.com\/index.php\/boutique\/"},{"@type":"ListItem","position":3,"name":"Boite a couture rose"}]},{"@type":"WebSite","@id":"https:\/\/univers-pillow.com\/#website","url":"https:\/\/univers-pillow.com\/","name":"Accessoires decoration maison Univers Pillow","description":"","potentialAction":[{"@type":"SearchAction","target":{"@type":"EntryPoint","urlTemplate":"https:\/\/univers-pillow.com\/?s={search_term_string}"},"query-input":"required name=search_term_string"}],"inLanguage":"en-US"}]}},"_links":{"self":[{"href":"https:\/\/univers-pillow.com\/index.php\/wp-json\/wp\/v2\/product\/9003"}],"collection":[{"href":"https:\/\/univers-pillow.com\/index.php\/wp-json\/wp\/v2\/product"}],"about":[{"href":"https:\/\/univers-pillow.com\/index.php\/wp-json\/wp\/v2\/types\/product"}],"replies":[{"embeddable":true,"href":"https:\/\/univers-pillow.com\/index.php\/wp-json\/wp\/v2\/comments?post=9003"}],"version-history":[{"count":2,"href":"https:\/\/univers-pillow.com\/index.php\/wp-json\/wp\/v2\/product\/9003\/revisions"}],"predecessor-version":[{"id":9012,"href":"https:\/\/univers-pillow.com\/index.php\/wp-json\/wp\/v2\/product\/9003\/revisions\/9012"}],"wp:featuredmedia":[{"embeddable":true,"href":"https:\/\/univers-pillow.com\/index.php\/wp-json\/wp\/v2\/media\/9393"}],"wp:attachment":[{"href":"https:\/\/univers-pillow.com\/index.php\/wp-json\/wp\/v2\/media?parent=9003"}],"wp:term":[{"taxonomy":"product_cat","embeddable":true,"href":"https:\/\/univers-pillow.com\/index.php\/wp-json\/wp\/v2\/product_cat?post=9003"},{"taxonomy":"product_tag","embeddable":true,"href":"https:\/\/univers-pillow.com\/index.php\/wp-json\/wp\/v2\/product_tag?post=9003"}],"curies":[{"name":"wp","href":"https:\/\/api.w.org\/{rel}","templated":true}]}}