{"id":9015,"date":"2023-06-04T00:49:57","date_gmt":"2023-06-03T22:49:57","guid":{"rendered":"https:\/\/univers-pillow.com\/?post_type=product&#038;p=9015"},"modified":"2023-06-04T22:53:26","modified_gmt":"2023-06-04T20:53:26","slug":"boite-perforee-beige","status":"publish","type":"product","link":"https:\/\/univers-pillow.com\/index.php\/produit\/boite-perforee-beige\/","title":{"rendered":"Boite perfor\u00e9e beige"},"content":{"rendered":"<p>Optez pour la fonctionnalit\u00e9 sans compromis sur le style avec notre bo\u00eete perfor\u00e9e beige. Son design \u00e9pur\u00e9 et minimaliste s&#8217;int\u00e8gre parfaitement \u00e0 tous les types de d\u00e9coration int\u00e9rieure. Les perforations d\u00e9coratives sur toute la surface de la bo\u00eete ajoutent une touche de sophistication et permettent une circulation d&#8217;air optimale pour pr\u00e9server vos objets pr\u00e9cieux. Que ce soit pour ranger vos accessoires de bureau, vos bijoux ou d&#8217;autres petits objets, cette bo\u00eete perfor\u00e9e beige est un choix polyvalent et pratique. Ajoutez une note de modernit\u00e9 \u00e0 votre espace de vie avec cette bo\u00eete perfor\u00e9e qui allie esth\u00e9tisme et fonctionnalit\u00e9.<\/p>\n","protected":false},"excerpt":{"rendered":"<div class=\"flex flex-grow flex-col gap-3\">\n<div class=\"min-h-[20px] flex flex-col items-start gap-4 whitespace-pre-wrap break-words\">\n<div class=\"markdown prose w-full break-words dark:prose-invert light\">\n<p>Optez pour notre bo\u00eete perfor\u00e9e beige : fonctionnelle et styl\u00e9e, elle s&#8217;int\u00e8gre parfaitement \u00e0 votre d\u00e9coration int\u00e9rieure.<\/p>\n<\/div>\n<\/div>\n<\/div>\n","protected":false},"featured_media":9385,"comment_status":"open","ping_status":"closed","template":"","meta":{"_monsterinsights_skip_tracking":false,"_monsterinsights_sitenote_active":false,"_monsterinsights_sitenote_note":"","_monsterinsights_sitenote_category":0},"product_cat":[86,87],"product_tag":[],"yoast_head":"<!-- This site is optimized with the Yoast SEO plugin v20.9 - https:\/\/yoast.com\/wordpress\/plugins\/seo\/ -->\n<title>Boite perfor\u00e9e beige - Accessoires decoration maison Univers Pillow<\/title>\n<meta name=\"robots\" content=\"index, follow, max-snippet:-1, max-image-preview:large, max-video-preview:-1\" \/>\n<link rel=\"canonical\" href=\"https:\/\/univers-pillow.com\/index.php\/produit\/boite-perforee-beige\/\" \/>\n<meta property=\"og:locale\" content=\"en_US\" \/>\n<meta property=\"og:type\" content=\"article\" \/>\n<meta property=\"og:title\" content=\"Boite perfor\u00e9e beige - Accessoires decoration maison Univers Pillow\" \/>\n<meta property=\"og:description\" content=\"Optez pour notre bo\u00eete perfor\u00e9e beige : fonctionnelle et styl\u00e9e, elle s&#039;int\u00e8gre parfaitement \u00e0 votre d\u00e9coration int\u00e9rieure.\" \/>\n<meta property=\"og:url\" content=\"https:\/\/univers-pillow.com\/index.php\/produit\/boite-perforee-beige\/\" \/>\n<meta property=\"og:site_name\" content=\"Accessoires decoration maison Univers Pillow\" \/>\n<meta property=\"article:modified_time\" content=\"2023-06-04T20:53:26+00:00\" \/>\n<meta property=\"og:image\" content=\"https:\/\/univers-pillow.com\/wp-content\/uploads\/2023\/05\/Untitled-8-2.jpg\" \/>\n\t<meta property=\"og:image:width\" content=\"2000\" \/>\n\t<meta property=\"og:image:height\" content=\"2000\" \/>\n\t<meta property=\"og:image:type\" content=\"image\/jpeg\" \/>\n<meta name=\"twitter:card\" content=\"summary_large_image\" \/>\n<meta name=\"twitter:label1\" content=\"Est. reading time\" \/>\n\t<meta name=\"twitter:data1\" content=\"1 minute\" \/>\n<script type=\"application\/ld+json\" class=\"yoast-schema-graph\">{\"@context\":\"https:\/\/schema.org\",\"@graph\":[{\"@type\":\"WebPage\",\"@id\":\"https:\/\/univers-pillow.com\/index.php\/produit\/boite-perforee-beige\/\",\"url\":\"https:\/\/univers-pillow.com\/index.php\/produit\/boite-perforee-beige\/\",\"name\":\"Boite perfor\u00e9e beige - Accessoires decoration maison Univers Pillow\",\"isPartOf\":{\"@id\":\"https:\/\/univers-pillow.com\/#website\"},\"datePublished\":\"2023-06-03T22:49:57+00:00\",\"dateModified\":\"2023-06-04T20:53:26+00:00\",\"breadcrumb\":{\"@id\":\"https:\/\/univers-pillow.com\/index.php\/produit\/boite-perforee-beige\/#breadcrumb\"},\"inLanguage\":\"en-US\",\"potentialAction\":[{\"@type\":\"ReadAction\",\"target\":[\"https:\/\/univers-pillow.com\/index.php\/produit\/boite-perforee-beige\/\"]}]},{\"@type\":\"BreadcrumbList\",\"@id\":\"https:\/\/univers-pillow.com\/index.php\/produit\/boite-perforee-beige\/#breadcrumb\",\"itemListElement\":[{\"@type\":\"ListItem\",\"position\":1,\"name\":\"Accueil\",\"item\":\"https:\/\/univers-pillow.com\/\"},{\"@type\":\"ListItem\",\"position\":2,\"name\":\"Boutique\",\"item\":\"https:\/\/univers-pillow.com\/index.php\/boutique\/\"},{\"@type\":\"ListItem\",\"position\":3,\"name\":\"Boite perfor\u00e9e beige\"}]},{\"@type\":\"WebSite\",\"@id\":\"https:\/\/univers-pillow.com\/#website\",\"url\":\"https:\/\/univers-pillow.com\/\",\"name\":\"Accessoires decoration maison Univers Pillow\",\"description\":\"\",\"potentialAction\":[{\"@type\":\"SearchAction\",\"target\":{\"@type\":\"EntryPoint\",\"urlTemplate\":\"https:\/\/univers-pillow.com\/?s={search_term_string}\"},\"query-input\":\"required name=search_term_string\"}],\"inLanguage\":\"en-US\"}]}<\/script>\n<!-- \/ Yoast SEO plugin. -->","yoast_head_json":{"title":"Boite perfor\u00e9e beige - Accessoires decoration maison Univers Pillow","robots":{"index":"index","follow":"follow","max-snippet":"max-snippet:-1","max-image-preview":"max-image-preview:large","max-video-preview":"max-video-preview:-1"},"canonical":"https:\/\/univers-pillow.com\/index.php\/produit\/boite-perforee-beige\/","og_locale":"en_US","og_type":"article","og_title":"Boite perfor\u00e9e beige - Accessoires decoration maison Univers Pillow","og_description":"Optez pour notre bo\u00eete perfor\u00e9e beige : fonctionnelle et styl\u00e9e, elle s'int\u00e8gre parfaitement \u00e0 votre d\u00e9coration int\u00e9rieure.","og_url":"https:\/\/univers-pillow.com\/index.php\/produit\/boite-perforee-beige\/","og_site_name":"Accessoires decoration maison Univers Pillow","article_modified_time":"2023-06-04T20:53:26+00:00","og_image":[{"width":2000,"height":2000,"url":"https:\/\/univers-pillow.com\/wp-content\/uploads\/2023\/05\/Untitled-8-2.jpg","type":"image\/jpeg"}],"twitter_card":"summary_large_image","twitter_misc":{"Est. reading time":"1 minute"},"schema":{"@context":"https:\/\/schema.org","@graph":[{"@type":"WebPage","@id":"https:\/\/univers-pillow.com\/index.php\/produit\/boite-perforee-beige\/","url":"https:\/\/univers-pillow.com\/index.php\/produit\/boite-perforee-beige\/","name":"Boite perfor\u00e9e beige - Accessoires decoration maison Univers Pillow","isPartOf":{"@id":"https:\/\/univers-pillow.com\/#website"},"datePublished":"2023-06-03T22:49:57+00:00","dateModified":"2023-06-04T20:53:26+00:00","breadcrumb":{"@id":"https:\/\/univers-pillow.com\/index.php\/produit\/boite-perforee-beige\/#breadcrumb"},"inLanguage":"en-US","potentialAction":[{"@type":"ReadAction","target":["https:\/\/univers-pillow.com\/index.php\/produit\/boite-perforee-beige\/"]}]},{"@type":"BreadcrumbList","@id":"https:\/\/univers-pillow.com\/index.php\/produit\/boite-perforee-beige\/#breadcrumb","itemListElement":[{"@type":"ListItem","position":1,"name":"Accueil","item":"https:\/\/univers-pillow.com\/"},{"@type":"ListItem","position":2,"name":"Boutique","item":"https:\/\/univers-pillow.com\/index.php\/boutique\/"},{"@type":"ListItem","position":3,"name":"Boite perfor\u00e9e beige"}]},{"@type":"WebSite","@id":"https:\/\/univers-pillow.com\/#website","url":"https:\/\/univers-pillow.com\/","name":"Accessoires decoration maison Univers Pillow","description":"","potentialAction":[{"@type":"SearchAction","target":{"@type":"EntryPoint","urlTemplate":"https:\/\/univers-pillow.com\/?s={search_term_string}"},"query-input":"required name=search_term_string"}],"inLanguage":"en-US"}]}},"_links":{"self":[{"href":"https:\/\/univers-pillow.com\/index.php\/wp-json\/wp\/v2\/product\/9015"}],"collection":[{"href":"https:\/\/univers-pillow.com\/index.php\/wp-json\/wp\/v2\/product"}],"about":[{"href":"https:\/\/univers-pillow.com\/index.php\/wp-json\/wp\/v2\/types\/product"}],"replies":[{"embeddable":true,"href":"https:\/\/univers-pillow.com\/index.php\/wp-json\/wp\/v2\/comments?post=9015"}],"version-history":[{"count":2,"href":"https:\/\/univers-pillow.com\/index.php\/wp-json\/wp\/v2\/product\/9015\/revisions"}],"predecessor-version":[{"id":9411,"href":"https:\/\/univers-pillow.com\/index.php\/wp-json\/wp\/v2\/product\/9015\/revisions\/9411"}],"wp:featuredmedia":[{"embeddable":true,"href":"https:\/\/univers-pillow.com\/index.php\/wp-json\/wp\/v2\/media\/9385"}],"wp:attachment":[{"href":"https:\/\/univers-pillow.com\/index.php\/wp-json\/wp\/v2\/media?parent=9015"}],"wp:term":[{"taxonomy":"product_cat","embeddable":true,"href":"https:\/\/univers-pillow.com\/index.php\/wp-json\/wp\/v2\/product_cat?post=9015"},{"taxonomy":"product_tag","embeddable":true,"href":"https:\/\/univers-pillow.com\/index.php\/wp-json\/wp\/v2\/product_tag?post=9015"}],"curies":[{"name":"wp","href":"https:\/\/api.w.org\/{rel}","templated":true}]}}